 -6 + (12 - (9 + -3)) + 0 + -17.
-17
Calculate 9 + (3 - (2 + 11)) + 9.
8
(-1 - -7 - 11) + -3 + 13
5
What is (-3 - -4 - (1 + -6 + 7)) + -7?
-8
Evaluate (0 - (-10 + 6)) + (-3 + 2 - 2).
1
What is the value of (13 - 8) + -6 + -6?
-7
Evaluate (0 - -1) + 3 + 8 + -61 + 68.
19
5 - (3 - (-28 - -18))
-8
Calculate 13 + (-17 - (13 - 14)) + 1 + 16.
14
Calculate 84 - 87 - (3 + -37).
31
Evaluate 0 + -15 + (-121 - -137).
1
15 + (-24 - (8 + -11)) - -18
12
What is the value of (23 - 75 - -24) + 25?
-3
What is the value of -9 + -1 + 1 + (1 - (-21 - -21))?
-8
Evaluate -7 + -8 + (-3 - -10) + 5.
-3
Evaluate -4 + (22 - (17 - 11)).
12
What is -43 + 84 + -52 + 30 + -1?
18
Calculate -57 - (6 - 45) - (-31 - -2).
11
Calculate (15 - (-7 + 17 + -3)) + (-25 - 0).
-17
What is -9 + -5 + 9 + 20 + -3?
12
(5 - (1 - (-11 + 5 - -5))) + -3
0
Evaluate -5 - ((-4 + -8 - -8) + 0 + -1).
0
What is (6 - 9) + -35 - (11 - (12 + 4))?
-33
(-248 + 223 - (1 + -2 - 1)) + -1
-24
-49 + 53 + -7 + -2 - 4
-9
-17 + (14 - -13) + -11
-1
Calculate -40 + 8 - -23 - (0 - (1 + 4)).
-4
What is the value of (21 - 4 - 42) + 50?
25
21 - 33 - (1 - 7) - -5
-1
Calculate 66 + -82 - (0 - 19).
3
Calculate 35 - (-5 + (-9 - -5) - (15 + -27)).
32
What is the value of (6 - -4 - -6) + (1 - 9)?
8
What is -15 - (3 + (-18 - -12))?
-12
Calculate -8 + 6 + 6 - -9.
13
-11 + -5 + 8 + 7 - (13 - 0)
-14
What is the value of -25 - (19 + -40 + 5)?
-9
Evaluate 0 + -3 - (-74 + 83).
-12
What is the value of (-398 - -390) + (3 - 3 - (0 + 1))?
-9
-27 + (-7 - -4 - (-8 - -8 - 2))
-28
What is the value of (213 - 209) + (1 - 9)?
-4
What is the value of -3 + -11 - (-28 + 3 + -3)?
14
Evaluate (-4 - (0 - (17 - 20))) + -10.
-17
What is -9 + -4 + 1 - (-15 - -4)?
-1
Evaluate -4 + -12 + -32 + 48.
0
What is -95 + 33 + (42 - 6)?
-26
What is the value of 3 + -2 + 3 - (-2 - -11)?
-5
What is the value of (-11 + 3 - -17) + -13?
-4
Evaluate (-18 - -32) + (-15 - -5).
4
Evaluate -9 + -48 + 28 + 35.
6
Evaluate 6 + (1 - 18) + 21.
10
What is (2 + -14 - -7) + -2 + 8 - -10?
11
Evaluate -2 - 1 - (33 - (14 - -33)).
11
Calculate (-5 - 7) + 10 + 46 + -15.
29
What is 14 + -18 + 10 + -6?
0
What is (31 - 58 - -32) + 5?
10
Evaluate -26 + 7 - -4 - (-2 + 14).
-27
What is the value of (-11 - -22) + -8 - 5 - 26?
-28
What is (-28 - -84) + -14 - 35?
7
What is the value of -1 - (1 - 9) - 4 - 0?
3
Calculate -2 - -5 - (-24 + 25 + -2).
4
Calculate -13 + 23 - (-4 + 6 - 2).
10
What is -1 + 0 + 4 - (-26 + 28)?
1
What is the value of (1 - -6) + 7 + -7 - (-21 + 18)?
10
Calculate 2 + (-14 - -8 - -13).
9
Evaluate (-14 + 25 - 38) + 28.
1
Calculate (-13 - -47 - 18) + 11.
27
What is -42 + 21 - (9 + -29)?
-1
What is 35 + -28 - (2 - -2) - 13?
-10
Calculate -16 + 8 + 13 + 1 + -30.
-24
What is -33 + 34 - (1 + 10 + -4)?
-6
Calculate 2 - -2 - 1 - (7 - 10 - -1).
5
What is -998 + 928 - (-44 - -3)?
-29
Calculate (-8 - (5 + -6)) + (0 - 0) + 8.
1
What is 17 + 14 + (15 + -7 - 16)?
23
What is -22 + (1 - (-1 - -2) - (102 - 107))?
-17
Calculate 20 + -7 + -9 - -8.
12
-4 + 11 + -13 + -20 + 10
-16
What is 40 - (16 - 10) - 10?
24
(29 + -42 - (-1 - 6)) + 1 + -3
-8
-44 + 38 - ((1 - -1) + -14)
6
What is the value of (-2 - -8) + (-7 + 3 + -1 - 12)?
-11
What is (1 - 58) + (2321 - 2283)?
-19
(-26 + 20 - -16) + 0
10
Calculate -3 + (0 - 7 - 2).
-12
Evaluate -19 - (-4 - (11 + -9)).
-13
What is the value of 1 + -6 + 58 + -48?
5
-19 + -2 - (-346 + 350)
-25
Calculate 16 + (-53 - -25) - 8.
-20
Evaluate (-22 - -8 - (0 - 9)) + 4.
-1
1 + -8 - (-20 - -16 - 2)
-1
What is the value of 11 + (-12 - (11 - 17))?
5
Calculate 14 - (-10 + 9) - (4 - (3 + 1)).
15
33 + (-69 - -37) - ((-29 - 1) + 2)
29
What is the value of 16 + -22 + 18 - 21?
-9
Evaluate 3 + (-32 - -19 - (1 - -7)).
-18
Evaluate (0 - -2) + 57 + -10 + -39.
10
1 - -3 - (-22 + 24) - (-5 - 14)
21
Evaluate 1 + 7 + 28 + -23.
13
Calculate (0 - -29 - (106 - 90)) + -30.
-17
0 + 9 + (-1 - 1) + -21
-14
Evaluate 31 + -20 + -25 - -17.
3
What is (-3 + 0 - (-5 + 2)) + 92 + -106?
-14
What is -1 + 0 - ((14 - 10) + 8 - 16)?
3
What is (18 - -2) + -28 + 35 + -12?
15
What is -5 - -3 - -26 - 47?
-23
Calculate -7 + 13 + -19 + -5 + 28.
10
-2 + 0 + -11 - ((2 - 3) + 6)
-18
What is 7 + (-17 + 8 - (0 - (7 + 2)))?
7
What is the value of 14 + -9 + -9 - -14?
10
4 + 19 + (2 - 15 - -3)
13
Calculate (0 + -13 - (-9 + -2)) + -6 + -22.
-30
Evaluate (-66 - -49) + 24 - (2 - 26).
31
2 - (2 - -2) - (-22 + 20)
0
Calculate 6 - (25 + -3 - 10).
-6
What is the value of -5 + -8 + 29 + (1 - (-1 + 7))?
11
Calculate 15 + -27 + (20 - 0) - 28.
-20
Calculate 3 + -7 + (-3 - (-7 + -5)).
5
Calculate (93 - 95) + (0 - 5) + 25 + -2.
16
What is (29 - 22) + -21 - -2?
-12
2 - (1 - (-22 - 11) - 11)
-21
(-10 - (-22 - -3)) + -13
-4
What is -2 + 4 + (96 - 102) + 11 + -1?
6
What is the value of 11 - (-116 + 123 + 0 + 0)?
4
Evaluate (39 + -60 - -35) + -8.
6
-2 + (5 - (-4 + -8)) - 6
9
What is the value of (0 - -20) + (-12 - (0 + -9))?
17
(8 - 22) + 0 + 0 - 10
-24
What is (10 - (-50 - -22)) + -36?
2
7 + (11 - 7) + 3 - 6
8
What is -23 + 1 + 14 + -7 + 1?
-14
What is the value of (0 - (9 + 4 + (-3 - 8))) + -3?
-5
What is the value of 6 - (-14 - (17 + -57))?
-20
Calculate 6 + (-1 + -12 - -13).
6
What is -14 + (-10 - (10 - 37))?
3
Calculate 314 + -333 + (20 - -1).
2
What is 24 - (49 + 5 + -26)?
-4
What is (-5 - (-31 + 9 - 11)) + -4?
24
What is 6 - (-4 + 1 + 2 + -2)?
9
(68 - 16 - 16) + -35
1
What is 64 - (24 - (-27 - -13))?
26
Calculate -6 + (21 - 16) + -10.
-11
Calculate 6 + -6 + -13 - (14 + -17).
-10
Evaluate 21 + -23 + -12 + 14.
0
Evaluate -41 + 107 + -30 + -15.
21
Evaluate 14 + -8 + 6 + 1 + 0.
13
What is the value of 7 - (-2 + -6 + 6)?
9
What is the value of -6 + 11 + 1 + 24 + 1 + 7?
38
(5 - -2) + 10 + (4 - 11)
10
(10 - -6) + (24 - 41)
-1
Evaluate (-14 + 22 - -11) + (-6 - 9).
4
Calculate 6 + (2 + -4 - 4).
0
4 - (10 - -5) - -2
-9
25 - (1 - -12) - 5
7
Evaluate 10 + -5 - (6 + 7) - (10 - 15).
-3
(3 - -5) + 19 - 18
9
23 + -7 - (0 + 21 + -15)
10
What is -26 + 32 + 6 - 16?
-4
Calculate -15 + (11 + -17 - -2) + 22.
3
Evaluate 1 - 32 - (-1777 + 1774).
-28
-322 - -319 - (13 - -2)
-18
What is (-5 - -19) + (-7 + 7 + 3 - 5)?
12
(1 + 9 - (-72 + 87)) + -24
-29
Evaluate (4 - -7) + (-5 - 0) + -3 + -6.
-3
Evaluate -21 + (1 - 0 - 0) + -28 + 31.
-17
Evaluate (-44 - -28) + 47 + (3 - 0).
34
2 + -1 + 4 - ((-76 - -59) + 17)
5
Calculate -95 - -103 - (2 + 8 - 0) - 0.
-2
Evaluate -49 + 24 - 13 - -20.
-18
Calculate -6 - (-9 - (2 - -7)).
12
Evaluate 1 + 3 - (-273 - -281).
-4
What is the value of -677 + 676 + (-4 - 2) + (-1 - 0)?
-8
What is 25 - (7 - (-10 + (7 - -2)))?
17
Evaluate (-32 - 3) + 10 + 7 - (3 + -3).
-18
What is the value of -4 + -1 + -269 + 289?
15
Evaluate 13 - 2 - 32 - (27 + -31).
-17
Evaluate (-38 - 10) + (63 - 26).
-11
4 - (10 + -13 - -12 - 3)
-2
What is the value of (0 - -10) + -9 + (-7 - -10 - -5)?
9
4 + 5 + 3 + -2 + 1
11
Evaluate 157 - 150 - (0 - -20).
-13
What is (7 - -29) + -31 - (0 - -11)?
-6
11 - (-54 - -67 - (3 + 0))
1
Calculate 4 - -10 - 14 - 2.
-2
What is the value of -2 - (-6 + (1 - -5)) - (-8 + -3)?
9
-1 - 26 - (1086 - 1109)
-4
What is -1 - 6 - (5 - 19 - -12)?
-5
Calculate -39 - (10 + -14 - 9).
-26
(-1 + -1 - 1) + -7 - 9
-19
What is the value of -54 + (37 - 4) - 4?
-25
5 + (16 - 34 - -16)
3
Evaluate 11 + (0 + 9 - 22) - (-5 + 1).
2
Calculate -4 + -9 + 27 - 18.
-4
What is the value of 27 + 2 + -23 - 5?
1
What is the value of 19 + (2 - 1 - (-5 - -4 - -1))?
20
-5 + 3 - (-10 - (4 + -10 + -16))
-14
What is the value of (0 - -3) + 8 + (-7 - -5) - -2?
11
Calculate -114 + 103 + (-2 - (-3 - 3)).
-7
(1040 - 1029) + (-2 + 2 - 0)
11
Calculate (8 - (6 - -1) - (4 - -2)) + -6.
-11
What is -8 - (0 + (27 - 19))?
-16
18 + (7 - 22) - (10 - 2)
-5
Calculate -6 + (-2 - -2) + 7 + 17.
18
What is the value of 0 - ((-4 - -5) + 0 + 2 + 5)?
-8
Calculate (10 - (-2 - 6) - -12) + 2 + -2.
30
-1 + -2 - (35 + -8 - 14)
-16
What is the value of (-3 - (2 - -13) - (107 + -101)) + -9?
-33
Calculate 2 + -20 - (-3 - -1) - (0 - 10).
-6
What is the value of -539 + 551 - (10 - (1 - -1))?
4
What is the value of (6 - 13) + (8 - (-6 - -9))?
-2
(50 - 50) + (15 - ((-2 - 0) + 3))
14
(-68 - -66 - (-4 - -1)) + -6 - 7
-12
What is (-38 - (13 + -26)) + 11?
-14
Evaluate -9 - (1 + 8 + 7 + 1).
-26
Evaluate 10 + -5 + -4 + (2 + 5 - 2).
6
Evaluate 22 + (-18 - (-9 + (5 - 6))).
14
Evaluate -4 + (-11 - (12 